e number?
True
Let x be (-2)/6*16*-6. Let y be 1/((-121)/(-177) + (-4)/6). Let d = x + y. Is d composite?
True
Let j be 38/(-19)*(1 + (-2)/(-4)). Is 4/6 + (5872/12 - j) a composite number?
True
Let m(k) = -k - 2. Let n be m(-2). Suppose n*a = 3*a + 564. Let r = 349 + a. Is r a prime number?
False
Let j be ((-62)/(-5))/(34/85). Let v = 35 - j. Suppose 3*m - v*m + 332 = 3*f, 0 = -2*f - m + 223. Is f composite?
False
Let n = -24000 + 34831. Is n composite?
False
Let d be (0/((-9)/3))/1. Suppose q - 171 - 1182 = d. Let r = -476 + q. Is r composite?
False
Let d(h) = 321*h + 337. Is d(36) a prime number?
False
Suppose 5*w - 5*c = w + 22882, 5*w - 2*c - 28611 = 0. Is w a composite number?
True
Suppose 3*u + 6 = -2*z, 8 = -5*u + 3*u. Suppose -z*v = 3*v. Let c(f) = -f**2 + f + 91. Is c(v) composite?
True
Let b(f) = -3*f**3 + 15*f**2 + 13*f + 2. Is b(-11) prime?
False
Suppose 0 = d + 87 + 5. Let a = 38 + d. Is (-641)/(-9) + 12/a a prime number?
True
Let m = -5 - -5. Suppose 0 = -5*u - r + 25, -2*u - 2*u - 2*r + 20 = m. Suppose -u*q + 885 = -0*q. Is q a composite number?
True
Let w(y) = 8006*y**2 - 7*y. Is w(-1) a prime number?
False
Let i(j) be the third derivative of j**5/30 - 5*j**4/12 - 7*j**3/3 - 2*j**2. Let y(z) = -2*z - 16. Let t be y(-5). Is i(t) prime?
False
Let w(h) = -930*h + 24. Let c be w(-9). Suppose 0 = 16*f - 10*f - c. Is f prime?
True
Let l(y) = 61*y**2 + y - 7. Let o(w) = 3*w**3 + 2*w**2 - 1. Let h be o(1). Suppose 3*n = 5 + h. Is l(n) a composite number?
True
Suppose -4*c - s + 4 = 0, -3*c - s + 1 = -1. Suppose 2*l = 5 + 51. Suppose -c*j = -270 - l. Is j a prime number?
True
Let p be 100 + 2/(-6)*-3. Let l = 160 - -322. Let s = p + l. Is s a prime number?
False
Let q be 33/9 - (-4)/(-6). Suppose -3*u + q*y = 69, 2*u + 2*u + 5*y + 65 = 0. Is (1 - 20)*u/10 a prime number?
False
Is ((-49908)/18)/((-14)/21 + 0) a prime number?
True
Is 0 + (1 - 1) - (-3 - 5960) prime?
False
Suppose 0*v + 90 = 6*v. Let q(f) = -f + 28. Is q(v) a prime number?
True
Suppose 0 = -5*r + w - 118, -2 = 2*w + 2. Let j = 325 + r. Is j composite?
True
Let c(v) = -5*v - 1 + 0 - 3. Let l be c(-2). Is ((-1130)/4)/((-3)/l) a prime number?
False
Let d(q) be the third derivative of 3*q**5/20 + q**4/24 - 5*q**3/6 + 10*q**2. Let i be d(-3). Suppose -8*l + 79 = -i. Is l prime?
True
Suppose 5 = -0*p + 2*p + m, m - 3 = -p. Let f(a) = 8 + a - 4*a - 4*a - a**3 - 7*a**p + 0*a. Is f(-6) composite?
True
Let m = -6 + 2. Let n(g) = -31*g + 34. Is n(m) composite?
True
Suppose -y + 12 = 2*y. Suppose p + 5 = 2*p, y*p - 375 = -5*d. Is d a composite number?
False
Let f be ((-52)/24)/(-13) - 29/(-6). Suppose f*r - 2838 = -r. Is r composite?
True
Let o(j) = 23*j**3 - 4*j**2 - 34. Is o(5) a composite number?
False
Let g = -66144 + 142498. Is g composite?
True
Let p(f) = f**3 - 7*f**2 + 7*f - 6. Let j be p(6). Suppose -3*d + 4*d - 3 = j. Suppose d*s - 1298 + 395 = 0. Is s a prime number?
False
Suppose 5*x = 3*m + 25, -x + 0*x = -5*m - 49. Suppose 3*u - 5*u = -2. Is (-2035)/m - u/2 prime?
False
Suppose -2*p - 2*p = -3768. Suppose 4*w - 3*t = w + 714, -4*w + p = -2*t. Is w a prime number?
True
Suppose -7*g - 4452 = -19*g. Is g a composite number?
True
Is -9 + (-4 - -9) + 8151 prime?
True
Let d = -24875 + 52054. Is d a prime number?
True
Let v(i) = 154*i + 82. Is v(24) composite?
True
Let r(y) = 1452*y**3 + 4*y**2 + 4*y - 17. Is r(5) a composite number?
False
Let o(u) = u + 25. Let y be o(-11). Is y/49 + (1 - (-17608)/14) prime?
True
Let c(l) = -l**3 + 38*l**2 + 19*l + 71. Is c(31) composite?
True
Is (-128986)/(-10) + (930/(-50) - -19) prime?
True
Let f be (4 + -7 - 0) + -3. Let s(z) = -152*z - 25. Is s(f) composite?
False
Let k(w) = -w**3 - 5*w**2 - 4*w - 2. Let f be k(-2). Let r = -18 - f. Is (-3)/(4/r + 0) prime?
False
Let v = 52 - 1671. Let h = -558 - v. Is h a composite number?
False
Let x(p) = -834*p + 1. Let n(g) = -g + 1. Let t(l) = -3*n(l) + x(l). Is t(-5) composite?
False
Suppose 7*k = 1145 + 178. Let f = 2584 - k. Is f a prime number?
False
Let f(k) = 10*k + 336. Is f(19) composite?
True
Suppose 2*s - 15 - 9 = 0. Let m be (-1)/(-6) - (-22)/s. Suppose -w = -3*t + 104, m*t + 3*w - 97 + 35 = 0. Is t a prime number?
False
Let m(r) = 920*r - 63. Is m(14) prime?
False
Suppose -g = -0*g - 5, 0 = 3*l + 2*g - 1003. Is l a composite number?
False
Suppose 13*m - 4688 = 17*m. Let s = m + 1663. Is s prime?
True
Suppose -w - w = 24. Let f(k) = k**2 + 12*k + 6. Let o be f(w). Is (141/6)/(1/o) composite?
True
Let x(w) = 1678*w**2 + 13. Is x(7) a composite number?
True
Let u be (-735)/(-45) - 1/3. Suppose 432 = u*b - 13*b. Suppose 2*j + b = 2*k, k + 34 - 116 = -4*j. Is k composite?
True
Let s(d) = -4*d**2 - 1 + 7*d - 3*d**2 + 2*d + 16*d**2. Is s(5) composite?
False
Suppose 0 = -4*c - 3*j + 24227, -6613 - 17619 = -4*c - 4*j. Let b = c + -3954. Is b a composite number?
False
Is (104850/4)/15*4/6 a prime number?
False
Let s be (1 - 0) + (-4 - -1). Let i(v) = 64*v**2 - v - 1. Is i(s) a composite number?
False
Suppose 3*y = y - 94. Let c = -19 - y. Is ((-2)/(-1))/(c/602) a composite number?
False
Let u be (0 - (-8)/3)*(-3)/(-2). Suppose -1215 + 13656 = 5*c - x, -u*c = -x - 9952. Is c a prime number?
False
Let j(b) = b + 22. Let t be j(-16). Suppose -1394 = 4*x - t*x. Is x composite?
True
Let q = 34213 - 18411. Is q a composite number?
True
Suppose -123*i + 140*i = 407201. Is i prime?
False
Suppose -148 = 4*k + 2*f - 0*f, 0 = -f - 2. Is 6/27 - 64/k - -1557 a composite number?
False
Let h(d) = -d**2 - 7*d - 6. Let n be h(-4). Suppose n*f = 2*f + 1828. Let w = 1292 - f. Is w a composite number?
True
Suppose 2*z = -2*z + 12. Suppose -5*s = 5*h - 25, z*h = 7*h - 20. Suppose 7*l - 2*l - 155 = s. Is l a prime number?
True
Let k = 20320 - 7431. Is k a composite number?
False
Suppose 6*b - 19 = 5. Is 1 - (-6 + b + -1070) a prime number?
False
Suppose -a - 9*a + 7430 = 0. Is a a prime number?
True
Let v = 78896 + -24909. Is v prime?
True
Suppose -4*c - 159586 = -9*c - 3*s, 0 = 3*c - 5*s - 95772. Is c a composite number?
True
Let m(o) = 26*o**2 - 6*o + 23. Is m(-9) a prime number?
False
Let f = 14 + -16. Let w = 0 - f. Suppose -4*u + 74 = -w*u. Is u prime?
True
Let p(v) = v + 8. Let f be p(-6). Is (1 + (-285)/(-10))*f composite?
False
Let c be (1/2)/((-6)/(-101496)). Suppose 0 = -3*o + g + c, -2*o + 4*g = -0*o - 5652. Is o a composite number?
True
Let k(b) = 9*b**2 - 31*b + 7. Let c = 3 - -11. Is k(c) a prime number?
False
Let v(n) = n**3 - 6*n**2 - 6*n + 8. Let l be v(7). Let q = l - 13. Is (q/(-1))/(2/(-259)) composite?
True
Let g(n) = -37*n**3 + 5*n**2 - 3*n - 11. Is g(-4) composite?
True
Let w = 10839 - 4886. Is w a prime number?
True
Let u = -7133 + -2384. Is (u/(-62))/(5/4 - 1) a prime number?
False
Let d(f) = -2*f - 6. Let n be d(-5). Suppose -7 = -n*r + 1. Suppose -2*x - 3*x = 2*s - 598, 0 = 4*s + r*x - 1196. Is s composite?
True
Let k = 146 + 52. Let n = k - 79. Is n a composite number?
True
Let k = -19449 - -36460. Is k a prime number?
True
Let z = 771 + -354. Let v = z - 258. Is v a composite number?
True
Let n = 7704 - -11. Is n a composite number?
True
Suppose -3*d + 5*d - 34 = -3*z, -5*d - 3*z = -76. Suppose 44 = 4*x + 3*r, 5*x - r = -4*r + 58. Is x/49 + 1774/d prime?
True
Suppose -21 + 6 = 5*u. Let i(o) = 9*o**3 + 2*o**2 - 2*o. Let p be i(1). Is 46/(-6)*p/u a prime number?
True
Suppose 0 = -5*w + 3*p + 35518, w - 6*p + 4*p - 7105 = 0. Is w a prime number?
True
Let u be (-4 - 2/(-1)) + -337. Is 0 - (2 - 0) - u prime?
True
Let h be 340 - (7/(-4) + 2/(-8)). Suppose -4*l + h = 2*d, -d + 3*d + 2*l - 334 = 0. Is d prime?
True
Suppose -2*n = -5*l - 8, 4*n + l = 4*l + 16. Suppose 2*i - n*p - 8810 = 0, -5*p - 8805 = 2*i - 4*i. Is i a prime number?
False
Suppose -5*a = 4*p - 57, 0 = -2*a - 6*p + p + 33. Suppose -a = 2*o - 1. Let c(g) = 11*g**2 - 4*g - 7. Is c(o) composite?
True
Let h(w) = -1947*w + 95. Is h(-2) a composite number?
False
Suppose 30 = -42*h + 48*h. Suppose 7*u - 236 = h*u. Is u a prime number?
False
Suppose 34868 - 86003 = -15*w. Is w a composite number?
True
Suppose -g - 8 = -118. Let o = 201 - g. Is o a prime number?
False
Let o(x) = 59*x - 23. Let u(g) = -g**3 - 7*g**2 + 7*g + 8. Let m be u(-8). Is o(m) prime?
False
Suppose 0*t - 5*t = 3*y - 67123, 4*y = 5*t - 67151. Is t composite?
True
Let